{"id":231,"date":"2015-09-27T10:39:31","date_gmt":"2015-09-27T08:39:31","guid":{"rendered":"http:\/\/www.web20.mosellandhotel-enderttal.de\/?page_id=231"},"modified":"2023-11-01T17:51:14","modified_gmt":"2023-11-01T16:51:14","slug":"preisliste","status":"publish","type":"page","link":"http:\/\/www.mosellandhotel-enderttal.de\/?page_id=231","title":{"rendered":"Unsere Zimmerpreise"},"content":{"rendered":"<div id=\"pl-231\"  class=\"panel-layout\" ><div id=\"pg-231-0\"  class=\"panel-grid panel-has-style\" ><div style=\"padding: 10px 0; \" class=\"panel-row-style panel-row-style-for-231-0\" ><div id=\"pgc-231-0-0\"  class=\"panel-grid-cell\" ><div id=\"panel-231-0-0-0\" class=\"so-panel widget widget_sow-image panel-first-child\" data-index=\"0\" ><div\n\t\t\t\n\t\t\tclass=\"so-widget-sow-image so-widget-sow-image-default-8b5b6f678277-231\"\n\t\t\t\n\t\t>\n<div class=\"sow-image-container\">\n\t\t<img \n\tsrc=\"http:\/\/www.mosellandhotel-enderttal.de\/wp-content\/uploads\/2015\/09\/070-300x225.jpg\" width=\"300\" height=\"225\" srcset=\"http:\/\/www.mosellandhotel-enderttal.de\/wp-content\/uploads\/2015\/09\/070-300x225.jpg 300w, http:\/\/www.mosellandhotel-enderttal.de\/wp-content\/uploads\/2015\/09\/070-768x576.jpg 768w, http:\/\/www.mosellandhotel-enderttal.de\/wp-content\/uploads\/2015\/09\/070.jpg 1024w, http:\/\/www.mosellandhotel-enderttal.de\/wp-content\/uploads\/2015\/09\/070-480x360.jpg 480w, http:\/\/www.mosellandhotel-enderttal.de\/wp-content\/uploads\/2015\/09\/070-700x525.jpg 700w, http:\/\/www.mosellandhotel-enderttal.de\/wp-content\/uploads\/2015\/09\/070-410x308.jpg 410w, http:\/\/www.mosellandhotel-enderttal.de\/wp-content\/uploads\/2015\/09\/070-100x75.jpg 100w, http:\/\/www.mosellandhotel-enderttal.de\/wp-content\/uploads\/2015\/09\/070-275x206.jpg 275w\" alt=\"\" \t\tclass=\"so-widget-image\"\/>\n\t<\/div>\n\n<\/div><\/div><div id=\"panel-231-0-0-1\" class=\"so-panel widget widget_sow-editor panel-last-child\" data-index=\"1\" ><div class=\"panel-widget-style panel-widget-style-for-231-0-0-1\" ><div\n\t\t\t\n\t\t\tclass=\"so-widget-sow-editor so-widget-sow-editor-base\"\n\t\t\t\n\t\t><h3 class=\"widget-title\">Einzelzimmer<\/h3>\n<div class=\"siteorigin-widget-tinymce textwidget\">\n\t<p>Standard-Einzelzimmer im 3. Obergescho\u00df mit leichter Dachschr\u00e4ge.<br \/>\nSitzecke, TV, Bad\/Dusche \/WC\/ Pflegeprodukte\/F\u00f6n<br \/>\nreichhaltiges Fr\u00fchst\u00fcck und Parkplatz am Haus.<\/p>\n<\/div>\n<\/div><\/div><\/div><\/div><div id=\"pgc-231-0-1\"  class=\"panel-grid-cell\" ><div id=\"panel-231-0-1-0\" class=\"so-panel widget widget_sow-image panel-first-child\" data-index=\"2\" ><div\n\t\t\t\n\t\t\tclass=\"so-widget-sow-image so-widget-sow-image-default-8b5b6f678277-231\"\n\t\t\t\n\t\t>\n<div class=\"sow-image-container\">\n\t\t<img \n\tsrc=\"http:\/\/www.mosellandhotel-enderttal.de\/wp-content\/uploads\/2015\/09\/14-09-14_6236-300x199.jpg\" width=\"300\" height=\"199\" srcset=\"http:\/\/www.mosellandhotel-enderttal.de\/wp-content\/uploads\/2015\/09\/14-09-14_6236-300x199.jpg 300w, http:\/\/www.mosellandhotel-enderttal.de\/wp-content\/uploads\/2015\/09\/14-09-14_6236-768x510.jpg 768w, http:\/\/www.mosellandhotel-enderttal.de\/wp-content\/uploads\/2015\/09\/14-09-14_6236.jpg 1024w, http:\/\/www.mosellandhotel-enderttal.de\/wp-content\/uploads\/2015\/09\/14-09-14_6236-480x319.jpg 480w, http:\/\/www.mosellandhotel-enderttal.de\/wp-content\/uploads\/2015\/09\/14-09-14_6236-700x465.jpg 700w, http:\/\/www.mosellandhotel-enderttal.de\/wp-content\/uploads\/2015\/09\/14-09-14_6236-410x272.jpg 410w, http:\/\/www.mosellandhotel-enderttal.de\/wp-content\/uploads\/2015\/09\/14-09-14_6236-100x66.jpg 100w, http:\/\/www.mosellandhotel-enderttal.de\/wp-content\/uploads\/2015\/09\/14-09-14_6236-275x183.jpg 275w\" title=\"14 09 14_6236\" alt=\"\" \t\tclass=\"so-widget-image\"\/>\n\t<\/div>\n\n<\/div><\/div><div id=\"panel-231-0-1-1\" class=\"so-panel widget widget_sow-editor panel-last-child\" data-index=\"3\" ><div class=\"panel-widget-style panel-widget-style-for-231-0-1-1\" ><div\n\t\t\t\n\t\t\tclass=\"so-widget-sow-editor so-widget-sow-editor-base\"\n\t\t\t\n\t\t><h3 class=\"widget-title\">Komfort-Doppelzimmer<\/h3>\n<div class=\"siteorigin-widget-tinymce textwidget\">\n\t<\/div>\n<\/div><\/div><\/div><\/div><div id=\"pgc-231-0-2\"  class=\"panel-grid-cell\" ><div id=\"panel-231-0-2-0\" class=\"so-panel widget widget_sow-image panel-first-child\" data-index=\"4\" ><div\n\t\t\t\n\t\t\tclass=\"so-widget-sow-image so-widget-sow-image-default-8b5b6f678277-231\"\n\t\t\t\n\t\t>\n<div class=\"sow-image-container\">\n\t\t<img \n\tsrc=\"http:\/\/www.mosellandhotel-enderttal.de\/wp-content\/uploads\/2015\/09\/14-09-14_6255-300x199.jpg\" width=\"300\" height=\"199\" srcset=\"http:\/\/www.mosellandhotel-enderttal.de\/wp-content\/uploads\/2015\/09\/14-09-14_6255-300x199.jpg 300w, http:\/\/www.mosellandhotel-enderttal.de\/wp-content\/uploads\/2015\/09\/14-09-14_6255-768x510.jpg 768w, http:\/\/www.mosellandhotel-enderttal.de\/wp-content\/uploads\/2015\/09\/14-09-14_6255.jpg 1024w, http:\/\/www.mosellandhotel-enderttal.de\/wp-content\/uploads\/2015\/09\/14-09-14_6255-480x319.jpg 480w, http:\/\/www.mosellandhotel-enderttal.de\/wp-content\/uploads\/2015\/09\/14-09-14_6255-700x465.jpg 700w, http:\/\/www.mosellandhotel-enderttal.de\/wp-content\/uploads\/2015\/09\/14-09-14_6255-410x272.jpg 410w, http:\/\/www.mosellandhotel-enderttal.de\/wp-content\/uploads\/2015\/09\/14-09-14_6255-100x66.jpg 100w, http:\/\/www.mosellandhotel-enderttal.de\/wp-content\/uploads\/2015\/09\/14-09-14_6255-275x183.jpg 275w\" title=\"14 09 14_6255\" alt=\"\" \t\tclass=\"so-widget-image\"\/>\n\t<\/div>\n\n<\/div><\/div><div id=\"panel-231-0-2-1\" class=\"so-panel widget widget_sow-editor panel-last-child\" data-index=\"5\" ><div class=\"panel-widget-style panel-widget-style-for-231-0-2-1\" ><div\n\t\t\t\n\t\t\tclass=\"so-widget-sow-editor so-widget-sow-editor-base\"\n\t\t\t\n\t\t><h3 class=\"widget-title\">Deluxe-Doppelzimmer<\/h3>\n<div class=\"siteorigin-widget-tinymce textwidget\">\n\t<p>Bei unseren <strong>Deluxe-Doppelzimmern<\/strong> ist eine 3 oder 4 Bett Nutzung m\u00f6glich. Bitte sprechen Sie uns an.<\/p>\n<\/div>\n<\/div><\/div><\/div><\/div><\/div><\/div><div id=\"pg-231-1\"  class=\"panel-grid panel-has-style\" ><div style=\"padding: 10px 0; \" class=\"panel-row-style panel-row-style-for-231-1\" ><div id=\"pgc-231-1-0\"  class=\"panel-grid-cell\" ><div id=\"panel-231-1-0-0\" class=\"so-panel widget widget_sow-editor panel-first-child panel-last-child\" data-index=\"6\" ><div\n\t\t\t\n\t\t\tclass=\"so-widget-sow-editor so-widget-sow-editor-base\"\n\t\t\t\n\t\t>\n<div class=\"siteorigin-widget-tinymce textwidget\">\n\t<p>Alle Preise verstehen sich in EUR, pro Zimmer \/ pro Person und\u00a0pro Tag, inkl. Fr\u00fchst\u00fcck und Parkplatz am Haus.<\/p>\n<p>Fr\u00fchst\u00fcck von 8:30-10:00 Uhr. Kein Lift. Bitte beachten Sie, dass das gebuchte Zimmer sowie der Parkplatz am Anreisetag ab 15.00 Uhr und ab Abreisetag bis 11.00 Uhr genutzt werden kann.<\/p>\n<p>Montag und Dienstag sind unsere Ruhetage. Bitte beachten Sie das unser Restaurant nach dem Fr\u00fchst\u00fcck geschlossen bleibt.<\/p>\n<p>Anreisen ist aber kein Problem alle Wichtigen Informationen zum Check in und parken erhalten Sie ab 15.00 Uhr an unserer Hintert\u00fcr.<\/p>\n<\/div>\n<\/div><\/div><\/div><\/div><\/div><div id=\"pg-231-2\"  class=\"panel-grid panel-has-style\" ><div style=\"padding: 35px 0; \" class=\"panel-row-style panel-row-style-for-231-2\" ><div id=\"pgc-231-2-0\"  class=\"panel-grid-cell\" ><div id=\"panel-231-2-0-0\" class=\"so-panel widget widget_sow-editor panel-first-child panel-last-child\" data-index=\"7\" ><div\n\t\t\t\n\t\t\tclass=\"so-widget-sow-editor so-widget-sow-editor-base\"\n\t\t\t\n\t\t><h3 class=\"widget-title\">Lassen Sie sich verw\u00f6hnen!<\/h3>\n<div class=\"siteorigin-widget-tinymce textwidget\">\n\t<p>Wir bieten Ihnen die M\u00f6glichkeit Halbpension zu w\u00e4hlen\u00a0mit der\u00a0Option zur Wahl\u00a0zwei verschiedener Hauptg\u00e4nge.<\/p>\n<p>Halbpension mit einem 3-Gang Men\u00fc: pro Person EUR 24,50 Aufpreis.<\/p>\n<p><a href=\"http:\/\/www.web20.mosellandhotel-enderttal.de\/?page_id=208\">Buchen Sie <span style=\"text-decoration: underline;\"><strong>hier<\/strong><\/span> verbindlich.<\/a><\/p>\n<p><a href=\"http:\/\/www.web20.mosellandhotel-enderttal.de\/?page_id=243\">Gerne erstellen wir Ihnen ein individuelles Angebot.<\/a><\/p>\n<\/div>\n<\/div><\/div><\/div><\/div><\/div><\/div>","protected":false},"excerpt":{"rendered":"<p>Standard-Einzelzimmer im 3. Obergescho\u00df mit leichter Dachschr\u00e4ge. Sitzecke, TV, Bad\/Dusche \/WC\/ Pflegeprodukte\/F\u00f6n reichhaltiges Fr\u00fchst\u00fcck und Parkplatz am Haus. Bei unseren Deluxe-Doppelzimmern ist eine 3 oder 4 Bett Nutzung m\u00f6glich. Bitte sprechen Sie uns an. Alle Preise verstehen sich in EUR, [&hellip;]<\/p>\n","protected":false},"author":1,"featured_media":0,"parent":0,"menu_order":0,"comment_status":"closed","ping_status":"closed","template":"","meta":{"footnotes":""},"class_list":["post-231","page","type-page","status-publish","hentry"],"_links":{"self":[{"href":"http:\/\/www.mosellandhotel-enderttal.de\/index.php?rest_route=\/wp\/v2\/pages\/231","targetHints":{"allow":["GET"]}}],"collection":[{"href":"http:\/\/www.mosellandhotel-enderttal.de\/index.php?rest_route=\/wp\/v2\/pages"}],"about":[{"href":"http:\/\/www.mosellandhotel-enderttal.de\/index.php?rest_route=\/wp\/v2\/types\/page"}],"author":[{"embeddable":true,"href":"http:\/\/www.mosellandhotel-enderttal.de\/index.php?rest_route=\/wp\/v2\/users\/1"}],"replies":[{"embeddable":true,"href":"http:\/\/www.mosellandhotel-enderttal.de\/index.php?rest_route=%2Fwp%2Fv2%2Fcomments&post=231"}],"version-history":[{"count":33,"href":"http:\/\/www.mosellandhotel-enderttal.de\/index.php?rest_route=\/wp\/v2\/pages\/231\/revisions"}],"predecessor-version":[{"id":1022,"href":"http:\/\/www.mosellandhotel-enderttal.de\/index.php?rest_route=\/wp\/v2\/pages\/231\/revisions\/1022"}],"wp:attachment":[{"href":"http:\/\/www.mosellandhotel-enderttal.de\/index.php?rest_route=%2Fwp%2Fv2%2Fmedia&parent=231"}],"curies":[{"name":"wp","href":"https:\/\/api.w.org\/{rel}","templated":true}]}}

<div id="pl-231"  class="panel-layout" ><div id="pg-231-0"  class="panel-grid panel-has-style" ><div style="padding: 10px 0; " class="panel-row-style panel-row-style-for-231-0" ><div id="pgc-231-0-0"  class="panel-grid-cell" ><div id="panel-231-0-0-0" class="so-panel widget widget_sow-image panel-first-child" data-index="0" ><div
			
			class="so-widget-sow-image so-widget-sow-image-default-8b5b6f678277-231"
			
		>
<div class="sow-image-container">
		<img 
	src="http://www.mosellandhotel-enderttal.de/wp-content/uploads/2015/09/070-300x225.jpg" width="300" height="225" srcset="http://www.mosellandhotel-enderttal.de/wp-content/uploads/2015/09/070-300x225.jpg 300w, http://www.mosellandhotel-enderttal.de/wp-content/uploads/2015/09/070-768x576.jpg 768w, http://www.mosellandhotel-enderttal.de/wp-content/uploads/2015/09/070.jpg 1024w, http://www.mosellandhotel-enderttal.de/wp-content/uploads/2015/09/070-480x360.jpg 480w, http://www.mosellandhotel-enderttal.de/wp-content/uploads/2015/09/070-700x525.jpg 700w, http://www.mosellandhotel-enderttal.de/wp-content/uploads/2015/09/070-410x308.jpg 410w, http://www.mosellandhotel-enderttal.de/wp-content/uploads/2015/09/070-100x75.jpg 100w, http://www.mosellandhotel-enderttal.de/wp-content/uploads/2015/09/070-275x206.jpg 275w" alt="" 		class="so-widget-image"/>
	</div>

</div></div><div id="panel-231-0-0-1" class="so-panel widget widget_sow-editor panel-last-child" data-index="1" ><div class="panel-widget-style panel-widget-style-for-231-0-0-1" ><div
			
			class="so-widget-sow-editor so-widget-sow-editor-base"
			
		><h3 class="widget-title">Einzelzimmer</h3>
<div class="siteorigin-widget-tinymce textwidget">
	<p>Standard-Einzelzimmer im 3. Obergeschoß mit leichter Dachschräge.<br />
Sitzecke, TV, Bad/Dusche /WC/ Pflegeprodukte/Fön<br />
reichhaltiges Frühstück und Parkplatz am Haus.</p>
</div>
</div></div></div></div><div id="pgc-231-0-1"  class="panel-grid-cell" ><div id="panel-231-0-1-0" class="so-panel widget widget_sow-image panel-first-child" data-index="2" ><div
			
			class="so-widget-sow-image so-widget-sow-image-default-8b5b6f678277-231"
			
		>
<div class="sow-image-container">
		<img 
	src="http://www.mosellandhotel-enderttal.de/wp-content/uploads/2015/09/14-09-14_6236-300x199.jpg" width="300" height="199" srcset="http://www.mosellandhotel-enderttal.de/wp-content/uploads/2015/09/14-09-14_6236-300x199.jpg 300w, http://www.mosellandhotel-enderttal.de/wp-content/uploads/2015/09/14-09-14_6236-768x510.jpg 768w, http://www.mosellandhotel-enderttal.de/wp-content/uploads/2015/09/14-09-14_6236.jpg 1024w, http://www.mosellandhotel-enderttal.de/wp-content/uploads/2015/09/14-09-14_6236-480x319.jpg 480w, http://www.mosellandhotel-enderttal.de/wp-content/uploads/2015/09/14-09-14_6236-700x465.jpg 700w, http://www.mosellandhotel-enderttal.de/wp-content/uploads/2015/09/14-09-14_6236-410x272.jpg 410w, http://www.mosellandhotel-enderttal.de/wp-content/uploads/2015/09/14-09-14_6236-100x66.jpg 100w, http://www.mosellandhotel-enderttal.de/wp-content/uploads/2015/09/14-09-14_6236-275x183.jpg 275w" title="14 09 14_6236" alt="" 		class="so-widget-image"/>
	</div>

</div></div><div id="panel-231-0-1-1" class="so-panel widget widget_sow-editor panel-last-child" data-index="3" ><div class="panel-widget-style panel-widget-style-for-231-0-1-1" ><div
			
			class="so-widget-sow-editor so-widget-sow-editor-base"
			
		><h3 class="widget-title">Komfort-Doppelzimmer</h3>
<div class="siteorigin-widget-tinymce textwidget">
	</div>
</div></div></div></div><div id="pgc-231-0-2"  class="panel-grid-cell" ><div id="panel-231-0-2-0" class="so-panel widget widget_sow-image panel-first-child" data-index="4" ><div
			
			class="so-widget-sow-image so-widget-sow-image-default-8b5b6f678277-231"
			
		>
<div class="sow-image-container">
		<img 
	src="http://www.mosellandhotel-enderttal.de/wp-content/uploads/2015/09/14-09-14_6255-300x199.jpg" width="300" height="199" srcset="http://www.mosellandhotel-enderttal.de/wp-content/uploads/2015/09/14-09-14_6255-300x199.jpg 300w, http://www.mosellandhotel-enderttal.de/wp-content/uploads/2015/09/14-09-14_6255-768x510.jpg 768w, http://www.mosellandhotel-enderttal.de/wp-content/uploads/2015/09/14-09-14_6255.jpg 1024w, http://www.mosellandhotel-enderttal.de/wp-content/uploads/2015/09/14-09-14_6255-480x319.jpg 480w, http://www.mosellandhotel-enderttal.de/wp-content/uploads/2015/09/14-09-14_6255-700x465.jpg 700w, http://www.mosellandhotel-enderttal.de/wp-content/uploads/2015/09/14-09-14_6255-410x272.jpg 410w, http://www.mosellandhotel-enderttal.de/wp-content/uploads/2015/09/14-09-14_6255-100x66.jpg 100w, http://www.mosellandhotel-enderttal.de/wp-content/uploads/2015/09/14-09-14_6255-275x183.jpg 275w" title="14 09 14_6255" alt="" 		class="so-widget-image"/>
	</div>

</div></div><div id="panel-231-0-2-1" class="so-panel widget widget_sow-editor panel-last-child" data-index="5" ><div class="panel-widget-style panel-widget-style-for-231-0-2-1" ><div
			
			class="so-widget-sow-editor so-widget-sow-editor-base"
			
		><h3 class="widget-title">Deluxe-Doppelzimmer</h3>
<div class="siteorigin-widget-tinymce textwidget">
	<p>Bei unseren <strong>Deluxe-Doppelzimmern</strong> ist eine 3 oder 4 Bett Nutzung möglich. Bitte sprechen Sie uns an.</p>
</div>
</div></div></div></div></div></div><div id="pg-231-1"  class="panel-grid panel-has-style" ><div style="padding: 10px 0; " class="panel-row-style panel-row-style-for-231-1" ><div id="pgc-231-1-0"  class="panel-grid-cell" ><div id="panel-231-1-0-0" class="so-panel widget widget_sow-editor panel-first-child panel-last-child" data-index="6" ><div
			
			class="so-widget-sow-editor so-widget-sow-editor-base"
			
		>
<div class="siteorigin-widget-tinymce textwidget">
	<p>Alle Preise verstehen sich in EUR, pro Zimmer / pro Person und pro Tag, inkl. Frühstück und Parkplatz am Haus.</p>
<p>Frühstück von 8:30-10:00 Uhr. Kein Lift. Bitte beachten Sie, dass das gebuchte Zimmer sowie der Parkplatz am Anreisetag ab 15.00 Uhr und ab Abreisetag bis 11.00 Uhr genutzt werden kann.</p>
<p>Montag und Dienstag sind unsere Ruhetage. Bitte beachten Sie das unser Restaurant nach dem Frühstück geschlossen bleibt.</p>
<p>Anreisen ist aber kein Problem alle Wichtigen Informationen zum Check in und parken erhalten Sie ab 15.00 Uhr an unserer Hintertür.</p>
</div>
</div></div></div></div></div><div id="pg-231-2"  class="panel-grid panel-has-style" ><div style="padding: 35px 0; " class="panel-row-style panel-row-style-for-231-2" ><div id="pgc-231-2-0"  class="panel-grid-cell" ><div id="panel-231-2-0-0" class="so-panel widget widget_sow-editor panel-first-child panel-last-child" data-index="7" ><div
			
			class="so-widget-sow-editor so-widget-sow-editor-base"
			
		><h3 class="widget-title">Lassen Sie sich verwöhnen!</h3>
<div class="siteorigin-widget-tinymce textwidget">
	<p>Wir bieten Ihnen die Möglichkeit Halbpension zu wählen mit der Option zur Wahl zwei verschiedener Hauptgänge.</p>
<p>Halbpension mit einem 3-Gang Menü: pro Person EUR 24,50 Aufpreis.</p>
<p><a href="http://www.web20.mosellandhotel-enderttal.de/?page_id=208">Buchen Sie <span style="text-decoration: underline;"><strong>hier</strong></span> verbindlich.</a></p>
<p><a href="http://www.web20.mosellandhotel-enderttal.de/?page_id=243">Gerne erstellen wir Ihnen ein individuelles Angebot.</a></p>
</div>
</div></div></div></div></div></div>

<p>Standard-Einzelzimmer im 3. Obergeschoß mit leichter Dachschräge. Sitzecke, TV, Bad/Dusche /WC/ Pflegeprodukte/Fön reichhaltiges Frühstück und Parkplatz am Haus. Bei unseren Deluxe-Doppelzimmern ist eine 3 oder 4 Bett Nutzung möglich. Bitte sprechen Sie uns an. Alle Preise verstehen sich in EUR, [&hellip;]</p>
